a(-16). What is the units digit of r(k)?
4
Let m = -394 - -687. Suppose 5*p - m = -s - 3*s, 0 = -2*s - 2*p + 144. Suppose 3*d + 47 = n, -d + s = 2*n + 2*d. What is the units digit of n?
8
Let q(p) = p**2 - 20*p + 15. Let f(h) = h**2 - 13*h + 10. Let c(k) = 7*f(k) - 5*q(k). What is the tens digit of c(-9)?
7
Suppose -5*m + 2 = j, m = -3*m - 2*j + 4. Suppose -988 = -4*w - 5*b + b, 2*w - b - 500 = m. What is the tens digit of w?
4
What is the thousands digit of (11 + -35)*1275/(-4)?
7
Let b be 1/(-3) - (1 + 862/6). Let z = b - -814. What is the hundreds digit of z?
6
What is the ten thousands digit of 245/(-21)*((-13486)/(-33))/((-2)/9)?
2
Let f = -69824 + 102586. What is the ten thousands digit of f?
3
Suppose 0 = -468*z + 430*z + 87856. What is the tens digit of z?
1
Let t(a) = -2*a**3 + 37*a**2 - 21*a. Let j be t(18). Suppose -v + 39 + 31 = 3*z, -5*v + 255 = -4*z. Let u = v + j. What is the units digit of u?
1
Let q be ((-22)/3)/(4/(-6)). Suppose 5*y - q = -11. Suppose l - 3*l + 188 = y. What is the tens digit of l?
9
Let n be 14/(1/(4 - 50)). Let v = -327 - n. What is the hundreds digit of v?
3
Suppose 5*b + 11655 = 5*k, b - 1036 = -4*k - 3392. Let m = 3551 + b. What is the tens digit of m?
1
Let x(i) = -i + 8. Let t be x(4). Suppose 3 = -j + t, 2 = 2*c - 4*j. Suppose -2*q + c*q = p + 17, 3*p = 5*q - 79. What is the units digit of q?
4
Let d(h) = -14*h - 11. Let k be d(-2). What is the units digit of (594/(-1))/(15 - k)?
7
Let h(d) = -4895*d**3 - 6*d**2 + 10*d + 9. What is the units digit of h(-1)?
8
Suppose -3*w + 4*v + 56332 = 0, -4*w - 3*v + 64173 = -10978. What is the units digit of w?
4
Let g(y) = y**2 - 51. Let n be g(-6). What is the tens digit of 2 - n/(-12) - (-1352)/32?
4
Let j = -12 + 14. Let q = 1332 + -934. Suppose -5*t = -3*s - q, -106 - 62 = -j*t - s. What is the tens digit of t?
8
Let w be (-3)/15 + 86*8/(-10). Let g = w + 273. What is the units digit of g?
4
Let q(r) = -118*r + 5658. What is the tens digit of q(-9)?
2
Let c be 2*(-21)/(-6)*-2. Let o = c - -19. Suppose -62 = -l - 2*n, o*l + n = -4*n + 305. What is the tens digit of l?
6
Let w(q) = -382*q**3 - 5*q**2 - 6*q. Let k be (14 + -15)/((1 - -2) + -2). What is the hundreds digit of w(k)?
3
Let m(h) = h + 31. Let a be m(-7). Let o = 54 - a. Suppose o = p - 176. What is the tens digit of p?
0
Let g be (-3)/(-4) + 1825/20 + 4. Let d = 78 + g. What is the tens digit of (d/9)/((-8)/(-3) + -2)?
2
Suppose -4*b + 12 = a - 1, 5*b - 5*a - 35 = 0. Let w be 9/18*2*-2. What is the tens digit of (b + -6 - w) + 67?
6
Suppose 9*d - 16711 - 7292 = 0. What is the tens digit of d?
6
Suppose 20*u = 41081 + 36679. What is the hundreds digit of u?
8
Let t be (-2)/(-7) - 2484/(-28). Let a be 2530/69 - (-1)/3. Suppose -t = -6*w + a. What is the tens digit of w?
2
Let q be (-3)/((-3)/(-1)) - (-208)/(-4). Let w = 47 + q. What is the units digit of w/(-1*6/105)?
5
Let y(f) = -2*f**3 - 2*f**2 + 3*f - 3. Let c be y(2). Let h be (51/2)/3 - c/(-14). Let z = h + 152. What is the hundreds digit of z?
1
Let v(y) = 3*y**2 - 10*y - 5. Let h be v(4). Suppose -i + 0*i + 42 = 2*g, -4*i + h*g = -212. What is the tens digit of i?
5
Let w(q) = 640*q - 488. What is the units digit of w(15)?
2
Let j = 33024 + -21053. What is the ten thousands digit of j?
1
Let q be 6/15 - (-102)/(-30). Let p(o) = 86*o**2 + o + 4. What is the hundreds digit of p(q)?
7
Let a = -156 + 227. Let j be ((-1)/3)/(11/924). Let h = a + j. What is the units digit of h?
3
Let s(n) = 4*n - 68. Let j be s(18). Suppose 0 = -3*l, -o - 4*l = j*o - 3220. What is the tens digit of o?
4
Suppose -9*z + 24 = -21. Suppose z*l + x = 98 + 79, 0 = 5*l - 5*x - 195. Let n = 27 + l. What is the tens digit of n?
6
What is the tens digit of ((33/(-22))/(-1))/((-243729)/(-81240) - 3)?
4
Let m = -53 - -51. Let k be 4 - m/(-2) - -376. Let c = 569 - k. What is the units digit of c?
0
Suppose 124*i = 151*i - 51903 - 4959. What is the units digit of i?
6
Let y(o) = 3*o**2 + 16*o + 2. Let n be y(-13). Let l = 520 - n. What is the units digit of l?
9
Let x be (-2 - -12) + (-1 - -3 - 0). Let c be 43 + -1 + x/(-6). Suppose -2*h - 3*u + c = -u, -4 = -2*u. What is the tens digit of h?
1
Let y(f) = -3*f**3 - 3*f**2 + 19*f + 10464. What is the ten thousands digit of y(0)?
1
Let j(r) = -r**2 + 15*r - 42. Let h be j(17). Let q = 80 + h. Suppose -q*a - 468 = -8*a. What is the hundreds digit of a?
1
Suppose 0*l + 4*r = -5*l + 16, -12 = 3*l - 3*r. Suppose l*g - 6*g = -24. Suppose 3*s + 4*t = 3*t + 271, -g*t = -3*s + 251. What is the tens digit of s?
8
Suppose 98*v + 126 - 420 = 0. Let y be (-2)/(2 + 0) - -10. What is the units digit of 153 - ((-8)/(-12) + v/y)?
2
Suppose 1610 = 19*o + 4137. Let c = 170 + o. What is the units digit of c?
7
Suppose -8*b + 16280 = -4*b + 2*o, -4052 = -b - 5*o. What is the units digit of b?
2
Suppose 39*y = 221219 + 261401 - 108337. What is the thousands digit of y?
9
Let q(c) = -288*c - 66. Let b be q(-6). Suppose -6*u + r + b = -u, 4*u = 3*r + 1334. What is the hundreds digit of u?
3
Let z(c) = -c**3 + 63*c**2 - 12*c + 65. What is the hundreds digit of z(59)?
2
Let l(k) = k**3 - 20*k**2 - 47*k + 314. What is the hundreds digit of l(23)?
8
Let j(k) = -3361*k**3 - 2*k**2 - 13*k - 13. What is the thousands digit of j(-2)?
6
What is the tens digit of ((-12408)/(-110))/((14/392)/(60/7))?
7
Let q be (-3)/9*(-2 - 7) - 3. Suppose 0 = g - 3*s - 280, q*s - 1438 = -5*g - 4*s. Suppose 4*h - 570 = g. What is the tens digit of h?
1
What is the thousands digit of ((-224)/(-35))/((-3271)/14760 + (-4)/(-18))?
0
Suppose 7*z = -7*z + 9744. What is the tens digit of -1 + z - -6 - 6?
9
Let i = 6531 - -8922. What is the units digit of i/57 - 1/(38/4)?
1
What is the ten thousands digit of (-14)/2 + ((-22)/55 - 807160/(-25))?
3
Let n(a) = 148*a**2 + 61*a + 985. What is the hundreds digit of n(-11)?
2
Let g(d) = -d - 8. Let k be g(-10). Suppose t = 6*y - 5*y + 446, -880 = -2*t - k*y. What is the hundreds digit of t?
4
Let j(g) = g**2 + 13*g + 15. Let y be j(-31). Suppose y - 1580 = -u. What is the hundreds digit of u?
0
Let i be -6*((-112)/21)/8. Let j(g) = 197*g - 110. What is the units digit of j(i)?
8
Suppose -457 + 557 = 2*j. Let q = 118 + j. What is the units digit of q?
8
Let r(t) = -4*t**3 - 5*t**2 - 35*t + 164. Let k be r(5). Let l = k + 873. What is the hundreds digit of l?
2
Let s(f) = f**3 - 3*f**2 + 4*f - 5. Let c be (-13)/(-78) - (-47)/6. What is the hundreds digit of s(c)?
3
Let i be ((-3)/(-4))/((-4)/2784). Let t be (-11)/(-55) - i/(-10). What is the units digit of t/(-24) + 2/(-12)?
2
Let n be (26/(-4) + 6)/((-1)/10). Suppose 5*a - 4248 = 2*l + 8, a + n*l = 835. What is the tens digit of a?
5
Suppose 3*m - 9577 = -4*d, -4*m + 16*d + 12728 = 11*d. What is the units digit of m?
7
Suppose -91657 = 43*g - 247833. What is the thousands digit of g?
3
Suppose 0 = 6*d - 4*d - 298. Suppose d = -7*l + 625. What is the units digit of (10/8)/(1/l)?
5
Let t = -2861 + 9398. What is the hundreds digit of t?
5
Suppose 4*k - 9931 = -b, -4*b + 4*k + 33153 + 6731 = 0. What is the thousands digit of b?
9
Let n = -5324 - -12234. What is the tens digit of n?
1
Let f(z) = 782*z**2 + 94*z + 96. What is the hundreds digit of f(-1)?
7
Suppose 2*i = a + 2296, 2*i + 0*i = 4*a + 2302. Let z = i + -437. Suppose -5*b - u + 731 = 0, 102 - z = -4*b + 5*u. What is the hundreds digit of b?
1
Let l(w) = 144*w - 280. Let p(i) = -289*i + 560. Let v(h) = 5*l(h) + 2*p(h). What is the hundreds digit of v(13)?
5
Suppose 2 = -6*f - 4. Let o be 0*(-7)/28*f*4. Suppose v + 54 + 28 = 2*t, -3*t + v + 123 = o. What is the tens digit of t?
4
Suppose -3*l + 515 = y, -y + 6*y + 177 = l. Let k = 25816 - 25814. Suppose -k*v - l = -4*v. What is the tens digit of v?
8
Let g(i) = -i - 2. Let v be g(-14). Let w(n) = 2*n**2 + 15*n - 18. What is the hundreds digit of w(v)?
4
What is the hundreds digit of ((-2)/8*781)/((-164)/32 - -5)?
5
Suppose 12*g = 5*g + 5446. Suppose 386 = z - i, -g = -9*z + 7*z - 4*i. What is the tens digit of z?
8
What is the units digit of 200928/40 + (-18)/15?
2
Suppose 13*j - 254541 - 31199 = -22*j. What is the thousands digit of j?
8
Let h = 13 + -18. Let b = 15 + h. What is the hundreds digit of 4432/40 + 2/b?
1
Suppose -4*z + r + 107543 = 0, 0 = 2*z - 22*r + 26*r - 53776. What is t